{"id":1603,"date":"2018-06-05T02:50:37","date_gmt":"2018-06-05T07:50:37","guid":{"rendered":"http:\/\/www.artesaniasdecolombia.com.co\/artesaniasdepaz\/?page_id=1603"},"modified":"2020-12-23T13:08:15","modified_gmt":"2020-12-23T18:08:15","slug":"elprograma","status":"publish","type":"page","link":"https:\/\/artesaniasdecolombia.com.co\/artesaniasdepaz\/elprograma\/","title":{"rendered":"Sobre el Programa"},"content":{"rendered":"<p>[vc_row content_placement=&#8221;middle&#8221; css=&#8221;.vc_custom_1546553493565{margin-top: 40px !important;margin-bottom: 30px !important;}&#8221;][vc_column]<div id=\"ultimate-heading-706069f4beae82695\" class=\"uvc-heading ult-adjust-bottom-margin ultimate-heading-706069f4beae82695 uvc-8358 \" data-hspacer=\"no_spacer\"  data-halign=\"center\" style=\"text-align:center\"><div class=\"uvc-heading-spacer no_spacer\" style=\"top\"><\/div><div class=\"uvc-sub-heading ult-responsive\"  data-ultimate-target='.uvc-heading.ultimate-heading-706069f4beae82695 .uvc-sub-heading '  data-responsive-json-new='{\"font-size\":\"desktop:24px;\",\"line-height\":\"desktop:28px;\"}'  style=\"font-weight:normal;color:#cc1417;\"><\/p>\n<h3 style=\"text-align: center;\"><span style=\"color: #cc1417;\"><b>\u201cINCREMENTO DE LA COMPETITIVIDAD E INCLUSI\u00d3N PRODUCTIVA DE LA POBLACI\u00d3N ARTESANA VICTIMA Y VULNERABLE DEL PA\u00cdS NACIONAL\u201d<\/b><\/span><\/h3>\n<p><\/div><\/div>[vc_single_image image=&#8221;1874&#8243; img_size=&#8221;full&#8221; alignment=&#8221;center&#8221; css_animation=&#8221;fadeIn&#8221; css=&#8221;.vc_custom_1546607517152{margin-top: 15px !important;}&#8221;][\/vc_column][\/vc_row][vc_row content_placement=&#8221;middle&#8221;][vc_column width=&#8221;1\/12&#8243;][\/vc_column][vc_column width=&#8221;6\/12&#8243;][vc_column_text css_animation=&#8221;fadeInUp&#8221; css=&#8221;.vc_custom_1608746823552{padding-right: 10px !important;padding-left: 50px !important;}&#8221;]Desde 1964 <a href=\"https:\/\/artesaniasdecolombia.com.co\/\" target=\"_blank\" rel=\"noopener noreferrer\">Artesan\u00edas de Colombia<\/a> trabaja para incrementar la productividad y competitividad<span class=\"Apple-converted-space\">\u00a0 <\/span>del sector artesanal colombiano a trav\u00e9s de<span class=\"Apple-converted-space\">\u00a0 <\/span>pr\u00e1cticas sostenibles que proporcionen mejores condiciones de vida a los participantes y promuevan su participaci\u00f3n social, desde 2006 desarrolla una estrategia especifica para atenci\u00f3n de poblaciones artesanas v\u00edctimas y vulnerables.<span class=\"Apple-converted-space\">\u00a0<\/span><\/p>\n<p>El programa APV apoya artesanos que habitan territorios golpeados por el conflicto armado con el fin de mejorar sus condiciones de vida, brind\u00e1ndoles capacitaciones para el ser y el hacer en el orden t\u00e9cnico, social, cultural y comercial.<\/p>\n<p>El pa\u00eds se encuentra orientando sus esfuerzos hacia la superaci\u00f3n del conflicto que lo afecta desde hace<span class=\"Apple-converted-space\">\u00a0 <\/span>m\u00e1s de 60 a\u00f1os. A trav\u00e9s de este proyecto, Artesan\u00edas de Colombia, mediante su programa APD, se enmarca dentro de las normativas y pol\u00edtica p\u00fablica que nuestra sociedad se ha trazado para lograrlo, sum\u00e1ndose as\u00ed a la labor que viene desarrollando el Gobierno Nacional para atender las v\u00edctimas y a la poblaci\u00f3n vulnerable.[\/vc_column_text][\/vc_column][vc_column width=&#8221;5\/12&#8243;]<style type=\"text\/css\" data-type=\"the7_shortcodes-inline-css\">.shortcode-single-image-wrap.shortcode-single-image-47cf6476a29297c653f69873aad2a46f.enable-bg-rollover .rollover i,\n.shortcode-single-image-wrap.shortcode-single-image-47cf6476a29297c653f69873aad2a46f.enable-bg-rollover .rollover-video i {\n  background: ;\n  background: -webkit-linear-gradient();\n  background: linear-gradient();\n}\n.shortcode-single-image-wrap.shortcode-single-image-47cf6476a29297c653f69873aad2a46f .rollover-icon {\n  font-size: 32px;\n  color: #ffffff;\n  min-width: 44px;\n  min-height: 44px;\n  line-height: 44px;\n  border-radius: 100px;\n  border-style: solid;\n  border-width: 0px;\n}\n.dt-icon-bg-on.shortcode-single-image-wrap.shortcode-single-image-47cf6476a29297c653f69873aad2a46f .rollover-icon {\n  background: rgba(255,255,255,0.3);\n  box-shadow: none;\n}\n<\/style><div class=\"shortcode-single-image-wrap shortcode-single-image-47cf6476a29297c653f69873aad2a46f alignright  enable-bg-rollover dt-icon-bg-off\" style=\"margin-top:0px; margin-bottom:0px; margin-left:0px; margin-right:0px;\"><div class=\"shortcode-single-image\"><div class=\"fancy-media-wrap  layzr-bg\" style=\"\"><img class=\"preload-me lazy-load\" src=\"data:image\/svg+xml,%3Csvg%20xmlns%3D&#39;http%3A%2F%2Fwww.w3.org%2F2000%2Fsvg&#39;%20viewBox%3D&#39;0%200%20775%20640&#39;%2F%3E\" data-src=\"https:\/\/artesaniasdecolombia.com.co\/artesaniasdepaz\/wp-content\/uploads\/2019\/01\/historias-2-775x640.png\" data-srcset=\"https:\/\/artesaniasdecolombia.com.co\/artesaniasdepaz\/wp-content\/uploads\/2019\/01\/historias-2-775x640.png 775w, https:\/\/artesaniasdecolombia.com.co\/artesaniasdepaz\/wp-content\/uploads\/2019\/01\/historias-2.png 799w\" width=\"775\" height=\"640\"  data-dt-location=\"https:\/\/artesaniasdecolombia.com.co\/artesaniasdepaz\/elprograma\/historias-2-2\/\" style=\"\" alt=\"PROGRAMA PARA EL MEJORAMIENTO DE LA COMPETITIVIDAD DEL SECTOR ARTESANO DE LA POBLACI\u00d3N DESPLAZADA Y VULNERABLE DEL PA\u00cdS (APD).\" \/><\/div><\/div><\/div>[\/vc_column][\/vc_row][vc_row][vc_column][vc_empty_space height=&#8221;50px&#8221;][\/vc_column][\/vc_row][vc_row full_width=&#8221;stretch_row_content_no_spaces&#8221; equal_height=&#8221;yes&#8221; content_placement=&#8221;middle&#8221; css_animation=&#8221;none&#8221; bg_type=&#8221;bg_color&#8221; css=&#8221;.vc_custom_1546566208030{padding-top: 60px !important;}&#8221; bg_color_value=&#8221;rgba(34,34,34,0.25)&#8221;][vc_column css_animation=&#8221;fadeInUp&#8221;]<div id=\"ultimate-heading-676369f4beae8327c\" class=\"uvc-heading ult-adjust-bottom-margin ultimate-heading-676369f4beae8327c uvc-1032 \" data-hspacer=\"no_spacer\"  data-halign=\"center\" style=\"text-align:center\"><div class=\"uvc-heading-spacer no_spacer\" style=\"top\"><\/div><div class=\"uvc-main-heading ult-responsive\"  data-ultimate-target='.uvc-heading.ultimate-heading-676369f4beae8327c h2'  data-responsive-json-new='{\"font-size\":\"desktop:80px;\",\"line-height\":\"\"}' ><h2 style=\"--font-weight:theme;color:#cc1417;\">Historia<\/h2><\/div><\/div>[\/vc_column][\/vc_row][vc_row full_width=&#8221;stretch_row_content_no_spaces&#8221; bg_type=&#8221;bg_color&#8221; bg_color_value=&#8221;rgba(34,34,34,0.25)&#8221; css=&#8221;.vc_custom_1546566223713{padding-bottom: 60px !important;}&#8221;][vc_column width=&#8221;2\/12&#8243;][\/vc_column][vc_column width=&#8221;8\/12&#8243;][vc_column_text css_animation=&#8221;fadeInUp&#8221; css=&#8221;.vc_custom_1581524989075{padding-top: 40px !important;padding-right: 20px !important;padding-left: 20px !important;}&#8221;]<\/p>\n<p style=\"text-align: center;\">El programa de<em> \u201cINCREMENTO DE LA COMPETITIVIDAD E INCLUSI\u00d3N PRODUCTIVA DE LA POBLACI\u00d3N ARTESANA VICTIMA Y VULNERABLE DEL PA\u00cdS NACIONAL\u201d<\/em> es el resultado de un proceso de aprendizajes de la entidad que surge inicialmente en el a\u00f1o 2006 tras un acercamiento con la Organizaci\u00f3n Internacional para las Migraciones (OIM) para co-financiar un programa de apoyo para artesanos desplazados.<\/p>\n<p>[\/vc_column_text][\/vc_column][vc_column width=&#8221;2\/12&#8243;][\/vc_column][\/vc_row][vc_row][vc_column][vc_empty_space height=&#8221;50px&#8221;][\/vc_column][\/vc_row][vc_row content_placement=&#8221;middle&#8221;][vc_column width=&#8221;6\/12&#8243;]<style type=\"text\/css\" data-type=\"the7_shortcodes-inline-css\">.shortcode-single-image-wrap.shortcode-single-image-c17ba67b182ea7003a4d56b14e6fe92d.enable-bg-rollover .rollover i,\n.shortcode-single-image-wrap.shortcode-single-image-c17ba67b182ea7003a4d56b14e6fe92d.enable-bg-rollover .rollover-video i {\n  background: ;\n  background: -webkit-linear-gradient();\n  background: linear-gradient();\n}\n.shortcode-single-image-wrap.shortcode-single-image-c17ba67b182ea7003a4d56b14e6fe92d .rollover-icon {\n  font-size: 32px;\n  color: #ffffff;\n  min-width: 44px;\n  min-height: 44px;\n  line-height: 44px;\n  border-radius: 100px;\n  border-style: solid;\n  border-width: 0px;\n}\n.dt-icon-bg-on.shortcode-single-image-wrap.shortcode-single-image-c17ba67b182ea7003a4d56b14e6fe92d .rollover-icon {\n  background: rgba(255,255,255,0.3);\n  box-shadow: none;\n}\n<\/style><div class=\"shortcode-single-image-wrap shortcode-single-image-c17ba67b182ea7003a4d56b14e6fe92d alignnone fadeIn animate-element  enable-bg-rollover dt-icon-bg-off\" style=\"margin-top:0px; margin-bottom:0px; margin-left:0px; margin-right:0px;\"><div class=\"shortcode-single-image\"><div class=\"fancy-media-wrap  layzr-bg\" style=\"\"><img class=\"preload-me lazy-load\" src=\"data:image\/svg+xml,%3Csvg%20xmlns%3D&#39;http%3A%2F%2Fwww.w3.org%2F2000%2Fsvg&#39;%20viewBox%3D&#39;0%200%20376%20600&#39;%2F%3E\" data-src=\"https:\/\/artesaniasdecolombia.com.co\/artesaniasdepaz\/wp-content\/uploads\/2019\/01\/historia-02-4-376x600.png\" data-srcset=\"https:\/\/artesaniasdecolombia.com.co\/artesaniasdepaz\/wp-content\/uploads\/2019\/01\/historia-02-4-376x600.png 376w, https:\/\/artesaniasdecolombia.com.co\/artesaniasdepaz\/wp-content\/uploads\/2019\/01\/historia-02-4.png 401w\" width=\"376\" height=\"600\"  data-dt-location=\"https:\/\/artesaniasdecolombia.com.co\/artesaniasdepaz\/elprograma\/historia-02-4\/\" style=\"\" alt=\"PROGRAMA PARA EL MEJORAMIENTO DE LA COMPETITIVIDAD DEL SECTOR ARTESANO DE LA POBLACI\u00d3N DESPLAZADA Y VULNERABLE DEL PA\u00cdS (APD).\" \/><\/div><\/div><\/div>[\/vc_column][vc_column width=&#8221;5\/12&#8243;][vc_column_text css_animation=&#8221;fadeInUp&#8221; css=&#8221;.vc_custom_1608746881893{padding-right: 20px !important;padding-left: 20px !important;}&#8221;]Luego de una primera experiencia exitosa desarrollada en el Valle del Cauca, el programa reconoci\u00f3 la<span class=\"Apple-converted-space\">\u00a0 <\/span>importancia de trabajar con enfoques diferenciales y con grupos especialmente afectados en poblaciones ind\u00edgenas y afrodescendientes.<span class=\"Apple-converted-space\">\u00a0<\/span><\/p>\n<p>Adicionalmente, se comprendi\u00f3 que m\u00e1s all\u00e1 de promover las artesan\u00edas, era fundamental fortalecer a los artesanos de manera integral desde el ser y el hacer, y lograr comunicar sus historias y su cosmovisi\u00f3n.<\/p>\n<p>Gracias a los buenos resultados de estos primeros trabajos con las comunidades se logro la institucionalizaci\u00f3n del programa no solo como un mecanismo de comercializaci\u00f3n de artesan\u00edas producidas por poblaci\u00f3n vulnerable, sino como un sistema de fortalecimiento t\u00e9cnico, pedag\u00f3gico, organizativo y psicosocial financiado por el <a href=\"https:\/\/www.banrep.gov.co\/es\/borrador-1136\" target=\"_blank\" rel=\"noopener noreferrer\">Presupuesto General de la Naci\u00f3n<\/a> que tambi\u00e9n ha logrado trabajar en alianza con el sector privado.<span class=\"Apple-converted-space\">\u00a0<\/span><\/p>\n<p>Artesan\u00edas de Colombia busca, por medio de este tipo de iniciativas, rescatar la tradici\u00f3n y el saber hacer ancestral de nuestros artesanos para potenciar el patrimonio material e inmaterial de nuestro pa\u00eds.<span class=\"Apple-converted-space\">\u00a0<\/span>[\/vc_column_text][\/vc_column][vc_column width=&#8221;1\/12&#8243;][\/vc_column][\/vc_row][vc_row][vc_column][vc_empty_space height=&#8221;50px&#8221;][\/vc_column][\/vc_row][vc_row full_width=&#8221;stretch_row_content_no_spaces&#8221; content_placement=&#8221;middle&#8221; css=&#8221;.vc_custom_1546567517270{padding-top: 30px !important;}&#8221;][vc_column width=&#8221;1\/12&#8243; css=&#8221;.vc_custom_1528220274166{margin-bottom: 40px !important;}&#8221;][\/vc_column][vc_column width=&#8221;6\/12&#8243;]<div id=\"ultimate-heading-733369f4beae8393e\" class=\"uvc-heading ult-adjust-bottom-margin ultimate-heading-733369f4beae8393e uvc-6335 \" data-hspacer=\"no_spacer\"  data-halign=\"center\" style=\"text-align:center\"><div class=\"uvc-heading-spacer no_spacer\" style=\"top\"><\/div><div class=\"uvc-main-heading ult-responsive\"  data-ultimate-target='.uvc-heading.ultimate-heading-733369f4beae8393e h2'  data-responsive-json-new='{\"font-size\":\"desktop:80px;\",\"line-height\":\"\"}' ><h2 style=\"--font-weight:theme;color:#cc1417;\">Poblaci\u00f3n<\/h2><\/div><\/div>[vc_empty_space][vc_column_text css_animation=&#8221;fadeInUp&#8221; css=&#8221;.vc_custom_1581525129850{padding-right: 20px !important;padding-left: 20px !important;}&#8221;]Nuestro acompa\u00f1amiento est\u00e1 dirigido a restituir garant\u00edas a las v\u00edctimas del conflicto colombiano y poblaciones vulnerables de tal manera que puedan contar con una fuente de ingresos que aporta a la estabilidad y el goce de una vida digna.<\/p>\n<p>A\u00f1o tras a\u00f1o, el impacto del programa ha beneficiado a comunidades de todo el territorio nacional de la siguiente manera:[\/vc_column_text][vc_empty_space][vc_row_inner][vc_column_inner css=&#8221;.vc_custom_1546567460762{padding-right: 20px !important;padding-left: 30px !important;}&#8221;]<div class=\"standard-arrow\"><ul>\n<li>2006: Valle del Cauca, Nari\u00f1o y Norte de Santander.<\/li>\n<li>2007: Amazonas, Caquet\u00e1 y Putumayo.<\/li>\n<li>2008: San Andr\u00e9s, Providencia y Santa Catalina.<\/li>\n<li>2009: Barrio Nelson Mandela en Cartagena de Indias.<\/li>\n<li>2010: Cali y Buenaventura.<\/li>\n<li>2011: Bogot\u00e1.<\/li>\n<li>2012: Bogot\u00e1.<\/li>\n<li>2013: C\u00f3rdoba y Urab\u00e1 Antioque\u00f1o.<\/li>\n<li>2014: Municipios de Quibd\u00f3, R\u00edo Quito, Medio San Juan e Istmina en Choc\u00f3.<\/li>\n<li>2015: Municipios Carmen de Atrato, Litoral del San Juan y Baud\u00f3 en Choc\u00f3. Buenaventura, Valle del Cauca.<\/li>\n<li>2016: Choc\u00f3 y Buenaventura.<\/li>\n<li>2017-2018: Choc\u00f3, Valle del Cauca, Cauca y Nari\u00f1o.<\/li>\n<li>2019: Zona del Urab\u00e1 Antioque\u00f1o, Bolivar, Choc\u00f3, Valle del Cauca, Cauca y Nari\u00f1o.<\/li>\n<li>2020: Zona del Urab\u00e1 Antioque\u00f1o, Bolivar, C\u00f3rdoba, Magdalena, Choc\u00f3, Valle del Cauca, Cauca y Nari\u00f1o.<\/li>\n<\/ul>\n<\/div>[\/vc_column_inner][\/vc_row_inner][\/vc_column][vc_column width=&#8221;5\/12&#8243;]<style type=\"text\/css\" data-type=\"the7_shortcodes-inline-css\">.shortcode-single-image-wrap.shortcode-single-image-2b17c3c27286ea7e7a1aeaa4b6a554f2.enable-bg-rollover .rollover i,\n.shortcode-single-image-wrap.shortcode-single-image-2b17c3c27286ea7e7a1aeaa4b6a554f2.enable-bg-rollover .rollover-video i {\n  background: ;\n  background: -webkit-linear-gradient();\n  background: linear-gradient();\n}\n.shortcode-single-image-wrap.shortcode-single-image-2b17c3c27286ea7e7a1aeaa4b6a554f2 .rollover-icon {\n  font-size: 32px;\n  color: #ffffff;\n  min-width: 44px;\n  min-height: 44px;\n  line-height: 44px;\n  border-radius: 100px;\n  border-style: solid;\n  border-width: 0px;\n}\n.dt-icon-bg-on.shortcode-single-image-wrap.shortcode-single-image-2b17c3c27286ea7e7a1aeaa4b6a554f2 .rollover-icon {\n  background: rgba(255,255,255,0.3);\n  box-shadow: none;\n}\n<\/style><div class=\"shortcode-single-image-wrap shortcode-single-image-2b17c3c27286ea7e7a1aeaa4b6a554f2 alignnone fadeIn animate-element  enable-bg-rollover dt-icon-bg-off\" style=\"margin-top:0px; margin-bottom:0px; margin-left:0px; margin-right:0px;\"><div class=\"shortcode-single-image\"><div class=\"fancy-media-wrap  layzr-bg\" style=\"\"><img class=\"preload-me lazy-load\" src=\"data:image\/svg+xml,%3Csvg%20xmlns%3D&#39;http%3A%2F%2Fwww.w3.org%2F2000%2Fsvg&#39;%20viewBox%3D&#39;0%200%20408%20733&#39;%2F%3E\" data-src=\"https:\/\/artesaniasdecolombia.com.co\/artesaniasdepaz\/wp-content\/uploads\/2018\/06\/historia-01-6.png\" data-srcset=\"https:\/\/artesaniasdecolombia.com.co\/artesaniasdepaz\/wp-content\/uploads\/2018\/06\/historia-01-6.png 408w\" width=\"408\" height=\"733\"  data-dt-location=\"https:\/\/artesaniasdecolombia.com.co\/artesaniasdepaz\/elprograma\/historia-01-6\/\" style=\"\" alt=\"\" \/><\/div><\/div><\/div>[\/vc_column][\/vc_row][vc_row][vc_column][vc_empty_space height=&#8221;50px&#8221;][\/vc_column][\/vc_row]<\/p>\n","protected":false},"excerpt":{"rendered":"<p>[vc_row content_placement=&#8221;middle&#8221; css=&#8221;.vc_custom_1546553493565{margin-top: 40px !important;margin-bottom: 30px !important;}&#8221;][vc_column][vc_single_image image=&#8221;1874&#8243; img_size=&#8221;full&#8221; alignment=&#8221;center&#8221; css_animation=&#8221;fadeIn&#8221; css=&#8221;.vc_custom_1546607517152{margin-top: 15px !important;}&#8221;][\/vc_column][\/vc_row][vc_row content_placement=&#8221;middle&#8221;][vc_column width=&#8221;1\/12&#8243;][\/vc_column][vc_column width=&#8221;6\/12&#8243;][vc_column_text css_animation=&#8221;fadeInUp&#8221; css=&#8221;.vc_custom_1608746823552{padding-right: 10px !important;padding-left: 50px !important;}&#8221;]Desde 1964 Artesan\u00edas de Colombia trabaja para incrementar la productividad y competitividad\u00a0 del sector artesanal colombiano a trav\u00e9s de\u00a0 pr\u00e1cticas sostenibles que proporcionen mejores condiciones de vida a los participantes y promuevan su&hellip;<\/p>\n","protected":false},"author":2,"featured_media":0,"parent":0,"menu_order":0,"comment_status":"closed","ping_status":"closed","template":"","meta":{"inline_featured_image":false},"_links":{"self":[{"href":"https:\/\/artesaniasdecolombia.com.co\/artesaniasdepaz\/wp-json\/wp\/v2\/pages\/1603"}],"collection":[{"href":"https:\/\/artesaniasdecolombia.com.co\/artesaniasdepaz\/wp-json\/wp\/v2\/pages"}],"about":[{"href":"https:\/\/artesaniasdecolombia.com.co\/artesaniasdepaz\/wp-json\/wp\/v2\/types\/page"}],"author":[{"embeddable":true,"href":"https:\/\/artesaniasdecolombia.com.co\/artesaniasdepaz\/wp-json\/wp\/v2\/users\/2"}],"replies":[{"embeddable":true,"href":"https:\/\/artesaniasdecolombia.com.co\/artesaniasdepaz\/wp-json\/wp\/v2\/comments?post=1603"}],"version-history":[{"count":50,"href":"https:\/\/artesaniasdecolombia.com.co\/artesaniasdepaz\/wp-json\/wp\/v2\/pages\/1603\/revisions"}],"predecessor-version":[{"id":2523,"href":"https:\/\/artesaniasdecolombia.com.co\/artesaniasdepaz\/wp-json\/wp\/v2\/pages\/1603\/revisions\/2523"}],"wp:attachment":[{"href":"https:\/\/artesaniasdecolombia.com.co\/artesaniasdepaz\/wp-json\/wp\/v2\/media?parent=1603"}],"curies":[{"name":"wp","href":"https:\/\/api.w.org\/{rel}","templated":true}]}}